{"id":4432,"date":"2022-12-20T15:34:32","date_gmt":"2022-12-20T20:34:32","guid":{"rendered":"https:\/\/kulzer-info.mx\/?page_id=4432"},"modified":"2026-04-15T12:48:03","modified_gmt":"2026-04-15T17:48:03","slug":"prosto-keys-de-lo-complicado-a-lo-exitoso","status":"publish","type":"page","link":"https:\/\/kulzer-info.mx\/index.php\/desarrollando-expertos\/prosto-keys-de-lo-complicado-a-lo-exitoso\/","title":{"rendered":"Prosto Keys &#8211; De la teor\u00eda a la boca: Consejos reales para resultados reales"},"content":{"rendered":"\n<p><strong>\u00bfQuieres elevar tus pr\u00f3tesis totales a un nuevo nivel? <\/strong>Te invitamos a nuestro CURSO TALLER PROSTO KEYS donde compartiremos t\u00e9cnicas para la realizaci\u00f3n de pr\u00f3tesis totales exitosas, con los materiales de m\u00e1s alta calidad y consejos pr\u00e1cticos para optimizar tu trabajo. Prosto Keys es un curso que he impartido desde 2013, capacitando a m\u00e1s de 300 odont\u00f3logos en donde les transmito m\u00e1s de 25 a\u00f1os de experiencia y m\u00e1s de 3000 casos de pr\u00f3tesis totales resueltos exitosamente.<\/p>\n\n\n\n<div class=\"wp-block-media-text is-stacked-on-mobile\" style=\"grid-template-columns:46% auto\"><figure class=\"wp-block-media-text__media\"><img loading=\"lazy\" decoding=\"async\" width=\"940\" height=\"1024\" src=\"https:\/\/kulzer-info.mx\/wp-content\/uploads\/2025\/09\/AlejandroQuiroz_2025-940x1024.jpg\" alt=\"\" class=\"wp-image-5158 size-full\" srcset=\"https:\/\/kulzer-info.mx\/wp-content\/uploads\/2025\/09\/AlejandroQuiroz_2025-940x1024.jpg 940w, https:\/\/kulzer-info.mx\/wp-content\/uploads\/2025\/09\/AlejandroQuiroz_2025-275x300.jpg 275w, https:\/\/kulzer-info.mx\/wp-content\/uploads\/2025\/09\/AlejandroQuiroz_2025-768x836.jpg 768w, https:\/\/kulzer-info.mx\/wp-content\/uploads\/2025\/09\/AlejandroQuiroz_2025.jpg 1000w\" sizes=\"auto, (max-width: 940px) 100vw, 940px\" \/><\/figure><div class=\"wp-block-media-text__content\">\n<p class=\"has-text-color has-link-color has-medium-font-size wp-elements-6db338221e9ff2e65e6db11f43f3bf7b\" style=\"color:#bccf00\"><strong>Dr Alejandro Quiroz<\/strong><\/p>\n\n\n\n<p class=\"has-small-font-size\"><strong>Cirujano Dentista por la UNAM<\/strong><br>&#8211; Especialidad en Odontogeriatr\u00eda en el Hospital \u201cLic. Adolfo L\u00f3pez Mateos\u201d del I.S.S.S.T.E. con Menci\u00f3n Honor\u00edfica.<br>&#8211; Coordinador de la Licenciatura en Estomatolog\u00eda de la Universidad UCMA de marzo 2019 a la fecha.<br>&#8211; Profesor titular en la Escuela Militar de Odontolog\u00eda con la materia &nbsp;\u201cOdontogeriatr\u00eda\u201d y \u201cTraumatolog\u00eda\u201d de septiembre 2016 a &nbsp;la fecha.<br>&#8211; Autor y Coautor de diversos art\u00edculos de diversas revistas.<br>Miembro de la <strong>Chicago Dental Society <\/strong>y<strong> American Dental Asociation<\/strong> desde 1999.<br>&#8211; Miembro de la <strong>Special Care in Dentistry Association<\/strong> desde 2002. Miembro de la <strong>Asociaci\u00f3n Dental Mexicana y Asociaci\u00f3n Dental del Distrito Federal desde 2006<\/strong><br><strong>Conferencista internacional y l\u00edder de opini\u00f3n para Kulzer M\u00e9xico<\/strong><\/p>\n<\/div><\/div>\n\n\n\n<p style=\"font-size:25px\"><span style=\"color: #95b600;\">Curso <strong>PRESENCIAL <\/strong><\/span> <\/p>\n\n\n\n<p><strong>Imparte:<\/strong> Dr Alejandro Quiroz<br><strong>Fecha:<\/strong> Jueves 4 de junio 2026<strong><br>Duraci\u00f3n:<\/strong>\u00a01 d\u00eda \/ 8 horas\u00a0<br><strong>Horario:<\/strong> 9:00 a 17:00 h<br><strong>Sede:<\/strong>\u00a0Aula Desarrollando eXpertos Kulzer<br>Homero 527 P3, Col. Polanco, Alc. Miguel Hidalgo, CDMX<br><strong>Dirigido:<\/strong>\u00a0Odont\u00f3logos<\/p>\n\n\n\n<p>Es un curso pr\u00e1ctico con consejos cl\u00ednicos para mejorar el \u00e9xito en el diagn\u00f3stico, tratamiento, pron\u00f3stico y adaptaci\u00f3n de tus pr\u00f3tesis totales. Aprender\u00e1s a rehabilitar de forma integral al paciente ed\u00e9ntulo total:<br>&#8211; Tomando en cuenta la esfera biol\u00f3gica, emocional y social<br>&#8211; Conociendo las t\u00e9cnicas y materiales que facilitar\u00e1n la pr\u00e1ctica odontol\u00f3gica<\/p>\n\n\n\n<p class=\"has-normal-font-size\"><strong><mark style=\"background-color:rgba(0, 0, 0, 0);color:#bccf00\" class=\"has-inline-color\">Temario:<\/mark><\/strong><br>\u2022 Evaluaci\u00f3n integral del paciente ed\u00e9ntulo<br>\u2022 Zonas anatomoprot\u00e9sicas<br>\u2022 Impresiones primarias<br>\u2022 Evaluaci\u00f3n creaneo facial<br>\u2022 Selecci\u00f3n de dientes<br>\u2022 Relaciones intermaxilares<br>\u2022 Evaluaci\u00f3n facial<br>\u2022 Prueba de articulado<br>\u2022 Ajuste oclusal selectivo<br>\u2022 Entrega de prostodoncias<br>\u2022 Recomendaciones<\/p>\n\n\n\n<p><strong>Taller: <\/strong>Impresi\u00f3n primaria con alginato y elaboraci\u00f3n de cucharillas individuales<br>&#8212;Impresi\u00f3n fisiol\u00f3gica, relaciones cr\u00e1nemandibulares y entrega.<br>**** Relaciones intermaxilares.<br>**** Selecci\u00f3n de dientes.<br>**** Relaci\u00f3n c\u00e9ntrica.<br>**** Prueba de articulado.<br>**** Tallado selectivo oclusal.<br>**** Ajuste prot\u00e9sico.<br>**** Entrega, recomendaciones de mantenimiento e higiene.<\/p>\n\n\n\n<p class=\"has-normal-font-size\"><strong><mark style=\"background-color:rgba(0, 0, 0, 0);color:#bccf00\" class=\"has-inline-color\">Pr\u00e1ctica:<\/mark><\/strong><br>\u2022 Selecci\u00f3n del portaimpresi\u00f3n<br>\u2022 Impresi\u00f3n primaria de alginato<br>\u2022 Elaboraci\u00f3n de portaimpresiones individuales<br>\u2022 Impresi\u00f3n fisiol\u00f3gica<br>\u2022 L\u00edneas faciales<br>\u2022 Relaci\u00f3n craneo mand\u00edbular<br>\u2022 Orientaci\u00f3n de rodillos<\/p>\n\n\n\n<p style=\"font-size:25px\"><span style=\"color: #95b600;\"><strong>$3,700 MN<\/strong> Curso <strong>PRESENCIAL<\/strong><\/span><\/p>\n\n\n\n<div class=\"wp-block-columns is-layout-flex wp-container-core-columns-is-layout-9d6595d7 wp-block-columns-is-layout-flex\">\n<div class=\"wp-block-column is-layout-flow wp-block-column-is-layout-flow\">\n<p><strong><mark style=\"background-color:rgba(0, 0, 0, 0);color:#bccf00\" class=\"has-inline-color\">Incluye:<\/mark><\/strong><br><mark style=\"background-color:rgba(0, 0, 0, 0);color:#bccf00\" class=\"has-inline-color\"><strong>o<\/strong><\/mark> Variotime Monophase<br><strong><mark style=\"background-color:rgba(0, 0, 0, 0);color:#bccf00\" class=\"has-inline-color\">o<\/mark><\/strong> CoffeeBreak<br><strong><mark style=\"background-color:rgba(0, 0, 0, 0);color:#bccf00\" class=\"has-inline-color\">o<\/mark><\/strong> Certificado de asistencia<br><strong><mark style=\"background-color:rgba(0, 0, 0, 0);color:#bccf00\" class=\"has-inline-color\">o<\/mark><\/strong> Material para la pr\u00e1ctica<br><strong><mark style=\"background-color:rgba(0, 0, 0, 0);color:#bccf00\" class=\"has-inline-color\">o<\/mark><\/strong> Comida<br><\/p>\n<\/div>\n\n\n\n<div class=\"wp-block-column is-layout-flow wp-block-column-is-layout-flow\">\n<p><strong>Pagar el curso<\/strong><\/p>\n\n\n\n<p><strong>Banamex <\/strong><br>Cuenta: 0006944<br>Sucursal: 4154<br>Clabe interbancaria: 002180415400069442<\/p>\n\n\n\n<p><strong>A nombre de Alejandro Quiroz Pav\u00f3n.<\/strong><\/p>\n<\/div>\n<\/div>\n\n\n\n<p>Al realizar el pago debes enviar tu comprobante por whats al 5580100393<\/p>\n\n\n\n<hr class=\"wp-block-separator has-css-opacity is-style-wide\"\/>\n\n\n\n<p class=\"has-small-font-size\"><strong><mark style=\"background-color:rgba(0, 0, 0, 0);color:#bccf00\" class=\"has-inline-color\">Material&nbsp;que debe traer el asistente<\/mark><\/strong><br>\u2022 Portaimpresiones met\u00e1licas para ed\u00e9ntulo superior e inferior<br>\u2022 Esp\u00e1tula de Lecr\u00f3n<br>\u2022 Taza de hule<br>\u2022 Esp\u00e1tula para alginato<br>\u2022 Esp\u00e1tula para yesos<br>\u2022 Calibrador Vernier<br>\u2022 Mechero o minitorch<br>\u2022 Regla Flexible<br>\u2022 Cutter<br>\u2022 Platina de Fox<br>\u2022 Porta impresi\u00f3n superior e inferior para uno mismo<\/p>\n\n\n\n<hr class=\"wp-block-separator has-css-opacity is-style-wide\"\/>\n\n\n\n<p id=\"block-778c1d55-ac26-44c0-bae4-6673654703d1\"><strong>Si quieres hacer un pre-registro y que un asesor te contacte, llena el siguiente formulario<\/strong><\/p>\n\n\n\n<hr class=\"wp-block-separator has-css-opacity is-style-wide\"\/>\n\n\n\n<div class=\"wpcf7 no-js\" id=\"wpcf7-f4825-o1\" lang=\"es-ES\" dir=\"ltr\" data-wpcf7-id=\"4825\">\n<div class=\"screen-reader-response\"><p role=\"status\" aria-live=\"polite\" aria-atomic=\"true\"><\/p> <ul><\/ul><\/div>\n<form action=\"\/index.php\/wp-json\/wp\/v2\/pages\/4432#wpcf7-f4825-o1\" method=\"post\" class=\"wpcf7-form init\" aria-label=\"Formulario de contacto\" novalidate=\"novalidate\" data-status=\"init\">\n<fieldset class=\"hidden-fields-container\"><input type=\"hidden\" name=\"_wpcf7\" value=\"4825\" \/><input type=\"hidden\" name=\"_wpcf7_version\" value=\"6.1.5\" \/><input type=\"hidden\" name=\"_wpcf7_locale\" value=\"es_ES\" \/><input type=\"hidden\" name=\"_wpcf7_unit_tag\" value=\"wpcf7-f4825-o1\" \/><input type=\"hidden\" name=\"_wpcf7_container_post\" value=\"0\" \/><input type=\"hidden\" name=\"_wpcf7_posted_data_hash\" value=\"\" \/>\n<\/fieldset>\n<p><label> Nombre<br \/>\n<span class=\"wpcf7-form-control-wrap\" data-name=\"nombre\"><input size=\"40\" maxlength=\"400\" class=\"wpcf7-form-control wpcf7-text wpcf7-validates-as-required\" aria-required=\"true\" aria-invalid=\"false\" value=\"\" type=\"text\" name=\"nombre\" \/><\/span> <\/label>\n<\/p>\n<p><label> Apellido<br \/>\n<span class=\"wpcf7-form-control-wrap\" data-name=\"apellido\"><input size=\"40\" maxlength=\"400\" class=\"wpcf7-form-control wpcf7-text wpcf7-validates-as-required\" aria-required=\"true\" aria-invalid=\"false\" value=\"\" type=\"text\" name=\"apellido\" \/><\/span> <\/label>\n<\/p>\n<p><label> Correo electr\u00f3nico<br \/>\n<span class=\"wpcf7-form-control-wrap\" data-name=\"correo\"><input size=\"40\" maxlength=\"400\" class=\"wpcf7-form-control wpcf7-email wpcf7-validates-as-required wpcf7-text wpcf7-validates-as-email\" aria-required=\"true\" aria-invalid=\"false\" value=\"\" type=\"email\" name=\"correo\" \/><\/span> <\/label>\n<\/p>\n<p><label> Tel\u00e9fono<br \/>\n<span class=\"wpcf7-form-control-wrap\" data-name=\"telefono\"><input size=\"40\" maxlength=\"400\" class=\"wpcf7-form-control wpcf7-tel wpcf7-validates-as-required wpcf7-text wpcf7-validates-as-tel\" aria-required=\"true\" aria-invalid=\"false\" value=\"\" type=\"tel\" name=\"telefono\" \/><\/span> <\/label>\n<\/p>\n<p><label> Ciudad<br \/>\n<span class=\"wpcf7-form-control-wrap\" data-name=\"ciudad\"><input size=\"40\" maxlength=\"400\" class=\"wpcf7-form-control wpcf7-text wpcf7-validates-as-required\" aria-required=\"true\" aria-invalid=\"false\" value=\"\" type=\"text\" name=\"ciudad\" \/><\/span> <\/label>\n<\/p>\n<p><label> Estado<br \/>\n<span class=\"wpcf7-form-control-wrap\" data-name=\"estado\"><select class=\"wpcf7-form-control wpcf7-select wpcf7-validates-as-required\" aria-required=\"true\" aria-invalid=\"false\" name=\"estado\"><option value=\"\">&#8212;Por favor, elige una opci\u00f3n&#8212;<\/option><option value=\"Aguascalientes\">Aguascalientes<\/option><option value=\"Baja California\">Baja California<\/option><option value=\"Baja California Sur\">Baja California Sur<\/option><option value=\"Campeche\">Campeche<\/option><option value=\"Ciudad de M\u00e9xico\">Ciudad de M\u00e9xico<\/option><option value=\"Coahuila\">Coahuila<\/option><option value=\"Colima\">Colima<\/option><option value=\"Chiapas\">Chiapas<\/option><option value=\"Chihuahua\">Chihuahua<\/option><option value=\"Durango\">Durango<\/option><option value=\"Guanajuato\">Guanajuato<\/option><option value=\"Guerrero\">Guerrero<\/option><option value=\"Hidalgo\">Hidalgo<\/option><option value=\"Jalisco\">Jalisco<\/option><option value=\"M\u00e9xico\">M\u00e9xico<\/option><option value=\"Michoac\u00e1n\">Michoac\u00e1n<\/option><option value=\"Morelos\">Morelos<\/option><option value=\"Nayarit\">Nayarit<\/option><option value=\"Nuevo Le\u00f3n\">Nuevo Le\u00f3n<\/option><option value=\"Oaxaca\">Oaxaca<\/option><option value=\"Puebla\">Puebla<\/option><option value=\"Quer\u00e9taro\">Quer\u00e9taro<\/option><option value=\"Quintana Roo\">Quintana Roo<\/option><option value=\"San Luis Potos\u00ed\">San Luis Potos\u00ed<\/option><option value=\"Sinaloa\">Sinaloa<\/option><option value=\"Sonora\">Sonora<\/option><option value=\"Tabasco\">Tabasco<\/option><option value=\"Tamaulipas\">Tamaulipas<\/option><option value=\"Tlaxcala\">Tlaxcala<\/option><option value=\"Veracruz\">Veracruz<\/option><option value=\"Yucat\u00e1n\">Yucat\u00e1n<\/option><option value=\"Zacatecas\">Zacatecas<\/option><\/select><\/span> <\/label>\n<\/p>\n<p><span class=\"wpcf7-form-control-wrap\" data-name=\"interes\"><span class=\"wpcf7-form-control wpcf7-checkbox wpcf7-validates-as-required\"><span class=\"wpcf7-list-item first\"><label><input type=\"checkbox\" name=\"interes[]\" value=\"Informaci\u00f3n para consultorios dentales\" \/><span class=\"wpcf7-list-item-label\">Informaci\u00f3n para consultorios dentales<\/span><\/label><\/span><span class=\"wpcf7-list-item last\"><label><input type=\"checkbox\" name=\"interes[]\" value=\"Informaci\u00f3n para laboratorios dentales\" \/><span class=\"wpcf7-list-item-label\">Informaci\u00f3n para laboratorios dentales<\/span><\/label><\/span><\/span><\/span>\n<\/p>\n<p><span class=\"wpcf7-form-control-wrap\" data-name=\"acepto1\"><span class=\"wpcf7-form-control wpcf7-acceptance optional\"><span class=\"wpcf7-list-item\"><label><input type=\"checkbox\" name=\"acepto1\" value=\"1\" aria-invalid=\"false\" \/><span class=\"wpcf7-list-item-label\">Me gustar\u00eda suscribirme al servicio gratuito de newsletter de Kulzer. (El contenido incluye informaci\u00f3n de productos, noticias de la compa\u00f1\u00eda y la industria, eventos, promociones y ofertas. Los boletines se enviar\u00e1n cada 2-4 semanas).<\/span><\/label><\/span><\/span><\/span>\n<\/p>\n<p><span class=\"wpcf7-form-control-wrap\" data-name=\"acepto2\"><span class=\"wpcf7-form-control wpcf7-acceptance optional\"><span class=\"wpcf7-list-item\"><label><input type=\"checkbox\" name=\"acepto2\" value=\"1\" aria-invalid=\"false\" \/><span class=\"wpcf7-list-item-label\">Estoy de acuerdo que los datos recogidos, as\u00ed como mi comportamiento individual al hacer clic en los enlaces de imagen\/texto, sean utilizados por Kulzer para proporcionarme un contenido individualizado. Puedo cancelar la suscripci\u00f3n o retirar el permiso de seguimiento en cualquier momento en cada newsletter.<\/span><\/label><\/span><\/span><\/span>\n<\/p>\n<p><input class=\"wpcf7-form-control wpcf7-submit has-spinner\" type=\"submit\" value=\"Enviar\" \/>\n<\/p><div class=\"wpcf7-response-output\" aria-hidden=\"true\"><\/div>\n<\/form>\n<\/div>\n\n\n\n\n<p class=\"has-small-font-size\" id=\"block-3fc35513-5639-4ec5-9afb-aa0d7943080c\"><strong>FORMAS DE PAGO<\/strong><br><strong>Banamex <\/strong><br>Cuenta: 0006944<br>Sucursal: 4154<br>Clabe interbancaria: 002180415400069442<br><br>A nombre de Alejandro Quiroz Pav\u00f3n.<br><strong>CANCELACIONES<\/strong>&nbsp;<em>Las inscripciones para mesas cl\u00ednicas podr\u00e1n cancelarse hasta una semana antes del evento. Para cursos, la cancelaci\u00f3n podr\u00e1 realizarse hasta dos semanas antes del evento. En caso contrario no se garantiza el reembolso de los montos pagados.<\/em><\/p>\n","protected":false},"excerpt":{"rendered":"<p>\u00bfQuieres elevar tus pr\u00f3tesis totales a un nuevo nivel? Te invitamos a nuestro CURSO TALLER PROSTO KEYS donde compartiremos t\u00e9cnicas para la realizaci\u00f3n de pr\u00f3tesis totales exitosas, con los materiales de m\u00e1s alta calidad y consejos pr\u00e1cticos para optimizar tu trabajo. Prosto Keys es un curso que he impartido desde 2013, capacitando a m\u00e1s de 300 odont\u00f3logos en donde les [&hellip;]<\/p>\n","protected":false},"author":1,"featured_media":0,"parent":32,"menu_order":4,"comment_status":"closed","ping_status":"closed","template":"","meta":{"footnotes":""},"class_list":["post-4432","page","type-page","status-publish","hentry"],"_links":{"self":[{"href":"https:\/\/kulzer-info.mx\/index.php\/wp-json\/wp\/v2\/pages\/4432","targetHints":{"allow":["GET"]}}],"collection":[{"href":"https:\/\/kulzer-info.mx\/index.php\/wp-json\/wp\/v2\/pages"}],"about":[{"href":"https:\/\/kulzer-info.mx\/index.php\/wp-json\/wp\/v2\/types\/page"}],"author":[{"embeddable":true,"href":"https:\/\/kulzer-info.mx\/index.php\/wp-json\/wp\/v2\/users\/1"}],"replies":[{"embeddable":true,"href":"https:\/\/kulzer-info.mx\/index.php\/wp-json\/wp\/v2\/comments?post=4432"}],"version-history":[{"count":19,"href":"https:\/\/kulzer-info.mx\/index.php\/wp-json\/wp\/v2\/pages\/4432\/revisions"}],"predecessor-version":[{"id":5316,"href":"https:\/\/kulzer-info.mx\/index.php\/wp-json\/wp\/v2\/pages\/4432\/revisions\/5316"}],"up":[{"embeddable":true,"href":"https:\/\/kulzer-info.mx\/index.php\/wp-json\/wp\/v2\/pages\/32"}],"wp:attachment":[{"href":"https:\/\/kulzer-info.mx\/index.php\/wp-json\/wp\/v2\/media?parent=4432"}],"curies":[{"name":"wp","href":"https:\/\/api.w.org\/{rel}","templated":true}]}}